
13
Let c(b) = -160*b**3 + 2 + 476*b**3 - 155*b**3 - 17*b + 10*b**2 - 162*b**3. Determine c(8).
-6
Let c(r) = 1431 - 718 - 717 - r. Calculate c(7).
-11
Let y(q) = -8*q. Let g be ((-16)/(-20))/((-1)/10). Let n be g/(-20) + (-56)/(-10). Suppose -7*z - n = -3*z - h, 0 = -4*z + 3*h - 10. Give y(z).
8
Let o(d) = 22*d**2 - 5*d**3 + 0*d + d - 9*d**2 - 12*d**2. Let w(a) = -a**2 - 7*a - 6. Let q be w(-6). Suppose 3*j + 15 = q, 0*p - 5*j - 24 = -p. What is o(p)?
5
Let k(y) = -y**2 + 2*y. Let b be k(0). Suppose -2*j + 16 = -b*j. Suppose 0 - j = 2*i. Let a(u) = u**3 + 3*u**2 - 6*u - 2. Determine a(i).
6
Suppose -2*y = -t - 1, -3 - 14 = -t - 4*y. Suppose 4*h + a + a = 24, 0 = -h + t*a - 16. Let v(w) = -w**2 + 4*w + 1. Determine v(h).
1
Let q(o) = o**3 - 4*o**2 - 3*o + 3. Suppose -5*f = 11 - 71. Suppose -5*s + 4*p + f = 0, -8 - 10 = -5*s + p. What is q(s)?
-9
Let o(m) = -m**2 - 9*m - 1. Suppose 6*r = -5*r - 198. Let i be 21/5*-2 - r/45. Calculate o(i).
7
Let d(z) = -z**3 + z**2 + z - 1. Let f(c) = 2*c**3 - 8*c**2 + 6*c + 4. Let v(r) = d(r) + f(r). Let i = -302 + 308. Give v(i).
9
Let l(w) = w**2 - 10*w - 3. Let h = 3 + 8. Let d be l(h). Let y(u) = u**2 - 9*u + 8. What is y(d)?
0
Let u(a) = 11*a**2 - 1. Let g be (-7)/(-35) + 58/10. Let p(k) = -21*k**2 + 2. Let i be 1 - (1 + (1 - 12)). Let s(w) = g*p(w) + i*u(w). What is s(1)?
-4
Let p(w) = -9*w + 1. Suppose 5203 = 5*k + 5198. Give p(k).
-8
Let k(j) = -j**3 - 16*j**2 - 15*j + 2. Let r(y) = -y**3 + 49*y**2 - 92*y - 109. Let t be r(47). What is k(t)?
2
Let o(r) = -r**3 - 9*r**2 + 10*r + 2. Let w be o(-10). Let m(i) = -2*i - 8 - i**2 - 6*i**3 + 5 + w. What is m(-1)?
6
Let f(h) be the first derivative of 6*h + 1/3*h**3 + 4 + 2*h**2. Let j be f(-4). Let k(y) = y**3 - 6*y**2 - 2*y + 6. Give k(j).
-6
Let n(g) = 5*g**2 - 11*g + 5. Let m(y) = 6*y**2 - 10*y + 3. Let a(i) = -4*m(i) + 5*n(i). Determine a(14).
-1
Let c(k) be the first derivative of -2*k**3/3 + k - 21. Let w(z) = -5*z**2 + 2. Let g(p) = 7*c(p) - 4*w(p). Calculate g(-2).
23
Let l(r) = r**3 + 2. Let u be ((-16)/10)/((-6)/15). Suppose -u*v = v - 50. Suppose -7*y + v = -2*y. Give l(y).
10
Let t(h) = -h**2 - h - 1. Let m be 1 - (-24)/(-40) - 24/10. Calculate t(m).
-3
Let a(z) = -5*z**2 - 13. Let f(t) = t**2 + 2. Let p(q) = -a(q) - 6*f(q). Determine p(-4).
-15
Let w = 546 + -540. Let q(o) = -o**3 + 6*o**2 + o - 6. Determine q(w).
0
Let q(a) be the third derivative of a**4/24 + 13*a**3/6 + 24*a**2. Suppose 4*u - k = -0*k - 29, -4*k + 38 = -3*u. Calculate q(u).
7
Let x(n) = -n**2 + 16*n + 378. Let l be x(29). Let q(v) = 4*v**3 + v**2 + 2*v - 1. Give q(l).
6
Let q(k) be the second derivative of k**4/12 + k**2/2 - 27*k. Let l(r) = -7*r**2 - 5*r - 11. Let z(h) = l(h) + 6*q(h). What is z(-4)?
-1
Let w(p) = -p**3 - p**2 - p - 1. Let y(f) = -5*f**3 - 2*f**2 - 4*f - 5. Let u(h) = -6*w(h) + y(h). What is u(-3)?
4
Let k(z) = -89*z**2 - 5*z - 4. Let p(a) = -252*a**2 - 14*a - 12. Let j(q) = 17*k(q) - 6*p(q). Let v be 1*2 - (-6)/(-3). What is j(v)?
4
Let f(m) be the first derivative of -m**4/2 + 5*m**3/3 + 5*m**2/2 - 4*m + 29. Calculate f(4).
-32
Let c(o) = -o + 7. Let q(t) = -t. Suppose -4*n + 4 + 0 = 0. Let j(l) = n*q(l) + c(l). Determine j(5).
-3
Let x(t) = -28*t**3 + t**2 + t - 1. Let l be 4 - (2/(-3))/(22/(-99)). Calculate x(l).
-27
Let d = -1263 - -1260. Let o(w) = -2*w**3 - 2*w**2. Calculate o(d).
36
Let s(g) be the second derivative of 7*g**3/6 + g**2/2 - 7*g + 4. Let w(p) = p**2 - 4*p + 2. Let t be w(3). Let v = t + 0. Give s(v).
-6
Suppose 0 = 2*m + 29 - 1. Let s = 19 + m. Let i(p) = -p**3 - 6*p + s*p + 2 - 3*p**2 + 5*p**2. Calculate i(2).
0
Let y(u) = 30*u - 30 - 31*u + 12 + 31. Calculate y(8).
5
Let f(a) be the third derivative of a**4/24 - a**3/3 + 54*a**2. What is f(-9)?
-11
Let j(a) = 9*a**3 + 2*a**2 - 5*a + 4. Let d be j(2). Let v(w) = 81 - w - 159 + d. What is v(-6)?
2
Let m(f) be the third derivative of 5*f**4/24 - 5*f**3/6 - 294*f**2. What is m(-7)?
-40
Let w(l) = l**2 + 7*l - 1. Let a(c) = c. Let x(m) = 2*m**3 - m**2 - m + 3. Let v be x(1). Let z(s) = v*a(s) - w(s). Determine z(-5).
-4
Let z(i) = -i**2 + 22*i - 19. Let y be z(21). Let h(k) = 14*k**2 + 3 - 15*k**y + 7*k - 4. Let t be 8*((-3)/(-2) - 1). What is h(t)?
11
Let i(t) be the third derivative of -t**6/120 + 3*t**5/10 + 3*t**4/4 + 5*t**3/3 - 685*t**2. Determine i(19).
-9
Let v(k) = -k**2 + 5*k + 2. Let n be v(5). Let r(w) = -33*w + 21. Let q(i) = 8*i - 5. Let p(b) = -9*q(b) - 2*r(b). What is p(n)?
-9
Let f(p) = 2 + 1019*p + 1019*p - 2051*p + 0. Calculate f(3).
-37
Suppose -2*y = 5*k + 6, -2*k + 8 = -y - 7*k. Suppose 7*q = 2*q. Suppose 2*f + y*z - 10 = -q*f, f = -2*z + 10. Let g(l) = l**3 + l**2 + l - 8. Determine g(f).
-8
Let t = 11 - 22. Let c(l) = -6*l**2 + 23*l + 20. Let r(o) = o**2 - 2*o - 5. Let j(m) = -c(m) - 7*r(m). Calculate j(t).
-7
Let b be 4/((-4)/(-8) + -1). Let t = 11 + b. Suppose 0*o - 2 = 3*o + 2*g, t*g - 19 = o. Let u(i) = i**3 + 3*i**2 - 4*i + 5. What is u(o)?
5
Let j = 144 + -142. Let k(h) be the first derivative of 3*h + 4 + 2*h**j - 1/3*h**3. Calculate k(6).
-9
Suppose 4*n = 3*n. Let c = n - -1. Let l(j) = -j - 125*j**3 + 49*j**3 + 44*j**3 + 27*j**3 + 2*j**2. Calculate l(c).
-4
Suppose 2*j - 3*j = -s + 1, j - 4*s = -13. Suppose 2*q + 20 = -3*q, 5*q = -j*w - 8. Suppose -3*n + n = -w. Let b(i) = -4*i - 1. Calculate b(n).
-9
Let m(a) = a**2 - 1. Let w(t) be the second derivative of t**4/4 - t**3/6 - 4*t**2 - 9*t. Let y(o) = 6*m(o) - w(o). Determine y(2).
16
Let p(q) = -8*q + 6. Let f be p(6). Let y = -9 - -18. Let n be f/y + 2/(-6). Let d(t) = -t. What is d(n)?
5
Let d(q) = -3*q**2 + q**3 + 4*q**2 + 2 - 3*q**3 + q. Let b(k) = -k - 21. Let s(i) = -4*i - 106. Let n(r) = 11*b(r) - 2*s(r). Let o be n(-7). Calculate d(o).
-8
Let n(v) = -14*v**2 + v. Suppose 159*u = -5*q + 156*u + 10, 0 = -u + 5. Determine n(q).
-15
Let k(z) be the second derivative of z**5/20 + 5*z**4/4 + 17*z**3/6 + 10*z**2 + 134*z. Calculate k(-14).
-22
Let a(r) = r**2 - r + 3. Let g be (44/(-3))/((-10)/15). Suppose -5*k - 40 = -5*n, -4*k - g = n + k. Give a(n).
9
Let i(n) = 24*n - 64*n**2 - 20*n**2 - 39 + 83*n**2. Calculate i(22).
5
Suppose 0 = -5*y + v - 15 - 2, 0 = -y + 4*v + 8. Let k(a) = -42*a**2 + 65*a**2 + 12*a**2 - 39*a**2 - a**3. What is k(y)?
0
Let b = 2263 + -2271. Let t(k) = -k**3 - 7*k**2 + 11*k + 6. What is t(b)?
-18
Let a(n) = -n**2 - 1. Let b(d) = 7*d**2 + 10*d - 10. Let l(f) = 6*a(f) + b(f). Determine l(-12).
8
Let t(s) = -2*s - 12. Let y(q) = 2*q + 10. Let a(d) = 5*t(d) + 6*y(d). Determine a(8).
16
Let p(b) be the third derivative of 0*b**4 + 0 - 1/120*b**6 - 19*b**2 + 1/3*b**3 + 0*b - 1/20*b**5. What is p(-3)?
2
Let z(y) = 5. Let s(m) = -m + 7. Let h(q) = 2*s(q) - 3*z(q). Give h(-4).
7
Let b be (6*1)/((-21)/(-28)). Suppose b*j - 4*j - 16 = 0. Let t(w) be the third derivative of -w**5/60 + w**4/6 + w**3/6 - 10*w**2. Calculate t(j).
1
Let t(y) be the third derivative of -y**5/60 - y**4/8 + y**3/2 - 991*y**2. Let w(u) = u**2 - 3*u - 3. Let j be w(3). Let l be (j + -1)/(-1 - -2). Give t(l).
-1
Suppose 25*h - 10*h = 165. Let g(y) = -y + 12. Give g(h).
1
Let o(n) = n**2 - 10*n + 15. Let z be o(2). Let c(f) = -9*f**3 - 2*f**2 + 1. Give c(z).
8
Let i(a) = a**3 + 5*a**2 + 3*a - 2. Let q be i(-4). Let r(k) = 1 + k - 92*k**2 + 46*k**q + 45*k**2. What is r(0)?
1
Let a(l) be the second derivative of l**7/2520 + l**6/90 + 3*l**5/40 + 23*l**4/12 - 23*l. Let n(b) be the third derivative of a(b). Calculate n(-7).
2
Let a(j) = -4*j - 8 + j + 6*j + 4. Let c = -43 - -47. Give a(c).
8
Let s(h) be the third derivative of h**6/720 - h**5/120 + 5*h**4/24 - 3*h**2. Let y(f) be the second derivative of s(f). Determine y(3).
2
Let m(n) = 6*n**2. Suppose 6*a - 2*a - 16 = 0, 24 = 4*t + 3*a. Suppose 2*c = c + 2*w + 9, t*w + 15 = 0. Calculate m(c).
6
Let b(c) = 46*c + 23. Let o(u) = -23*u - 11. Let f(j) = -3*b(j) - 7*o(j). Let l(a) = -8*a - 3. Let s(q) = -4*f(q) - 11*l(q). Calculate s(5).
-19
Let r(q) be the third derivative of q**4/24 - q**3/6 + 4*q**2 + 13*q. Calculate r(5).
4
Let j(f) = -23*f + 2. Let r(p) = -13*p + 1. Let y(h) = -3*j(h) + 5*r(h). Calculate y(3).
11
Let h = -115 + 117. Let r(q) = q**3 - q**2 - 3*q + 5. Let f(j) = j**3 - j**2 - 3*j + 4. Let x(m) = -3*f(m) + 2*r(m). Determine x(h).
0
Let y(x) = -x**3 + 21*x 